9?
23
What is the highest common factor of 2163986 and 1278068?
682
Calculate the greatest common divisor of 33 and 2939871.
33
Calculate the greatest common factor of 103733715 and 1185.
1185
Calculate the greatest common divisor of 560392 and 2604.
28
What is the greatest common factor of 772 and 15859196?
772
What is the greatest common divisor of 374 and 869770?
22
What is the greatest common divisor of 11469370 and 2429339?
9031
Calculate the highest common factor of 4338114 and 822.
6
Calculate the greatest common divisor of 566341645 and 190.
95
What is the highest common divisor of 2867169 and 718743?
867
What is the highest common divisor of 1649019 and 94663?
523
Calculate the greatest common factor of 6 and 57160.
2
What is the greatest common factor of 333 and 407709?
9
What is the greatest common factor of 8158152 and 133346?
2186
Calculate the highest common factor of 2007065 and 1713.
571
What is the greatest common factor of 30597 and 5408196?
141
Calculate the greatest common divisor of 9403 and 2773443059.
9403
What is the highest common divisor of 14495 and 36808603?
2899
Calculate the highest common divisor of 1373792 and 864.
32
Calculate the highest common divisor of 1014981696 and 7284.
7284
Calculate the highest common divisor of 6138004 and 4551444.
9916
What is the greatest common divisor of 8478 and 171287?
157
Calculate the highest common factor of 159454 and 5716818.
2614
What is the greatest common factor of 71059055 and 10?
5
What is the highest common divisor of 128 and 400384528?
16
What is the greatest common factor of 69 and 51535272?
69
What is the highest common factor of 124047 and 861091?
77
Calculate the highest common divisor of 337408 and 98191.
659
What is the greatest common factor of 36 and 9618759?
9
Calculate the highest common factor of 1113492 and 336.
12
What is the greatest common factor of 122095259 and 26?
13
What is the highest common divisor of 4225 and 10443355?
845
What is the highest common divisor of 7907547 and 318?
159
Calculate the greatest common factor of 1144238 and 3403.
83
What is the highest common factor of 442 and 242914360?
442
Calculate the greatest common divisor of 242487 and 760347.
189
What is the greatest common divisor of 2045 and 25508103?
409
Calculate the highest common divisor of 765954 and 224.
14
What is the highest common factor of 16354 and 158186581?
629
Calculate the highest common factor of 657 and 874683.
9
Calculate the greatest common divisor of 56 and 58529618.
14
Calculate the highest common divisor of 29 and 486722167.
29
Calculate the greatest common divisor of 1769400 and 1000.
200
What is the highest common factor of 2251435 and 495?
5
Calculate the greatest common factor of 385 and 2954035.
35
What is the highest common factor of 270 and 26444610?
270
What is the highest common divisor of 250276830 and 60?
30
Calculate the greatest common factor of 3867 and 13528055.
1289
Calculate the highest common factor of 4263264 and 154842.
786
What is the greatest common divisor of 472 and 744333262?
118
What is the highest common factor of 2044562 and 4471?
263
Calculate the highest common divisor of 1185969 and 3.
3
Calculate the highest common factor of 1080 and 28670040.
360
What is the highest common divisor of 4314 and 436?
2
Calculate the greatest common divisor of 6206 and 3557536.
214
What is the highest common factor of 78238507 and 214?
107
Calculate the highest common factor of 75 and 273580125.
75
Calculate the greatest common factor of 10 and 601896970.
10
Calculate the highest common factor of 400 and 16865000.
200
Calculate the greatest common divisor of 39558 and 35967.
57
Calculate the greatest common factor of 666 and 22831344.
18
Calculate the highest common divisor of 556 and 3403968776.
556
What is the highest common factor of 979914 and 208?
26
Calculate the highest common factor of 2254 and 338985017.
161
Calculate the highest common divisor of 774 and 5871220.
86
Calculate the greatest common factor of 3975 and 889393.
53
Calculate the greatest common factor of 2549 and 752599897.
2549
What is the highest common factor of 1872510 and 145?
5
What is the greatest common factor of 2527 and 948?
1
Calculate the greatest common divisor of 24644 and 995254.
202
What is the greatest common divisor of 280 and 773668?
28
Calculate the greatest common factor of 12 and 2476412832.
12
What is the highest common divisor of 228375 and 268250?
3625
Calculate the highest common divisor of 1602515 and 5286271.
4057
Calculate the greatest common factor of 73616 and 143808.
1712
Calculate the greatest common factor of 1091115 and 225.
45
Calculate the highest common factor of 126725 and 340445.
685
Calculate the highest common divisor of 1567 and 454024147.
1567
What is the highest common factor of 258 and 195502424?
86
Calculate the highest common divisor of 16760 and 394840.
40
Calculate the highest common factor of 56 and 15679088.
8
What is the highest common factor of 16 and 8810440?
8
Calculate the greatest common factor of 102871930 and 510.
170
What is the greatest common divisor of 34393 and 130609?
211
What is the greatest common divisor of 1624285 and 260?
65
What is the highest common divisor of 2148120 and 19448?
1768
What is the highest common divisor of 1400 and 103384?
8
What is the greatest common divisor of 143 and 44452551?
143
Calculate the greatest common factor of 159 and 13781855.
53
What is the highest common divisor of 1925814 and 297?
33
What is the highest common divisor of 735902 and 262282?
398
Calculate the greatest common factor of 37592 and 1455617.
37
What is the greatest common divisor of 3037054 and 232?
58
What is the highest common factor of 2400 and 1003305?
15
What is the highest common factor of 36 and 19099536?
12
Calculate the highest common factor of 2722788 and 366.
6
Calculate the highest common divisor of 633 and 335159574.
633
What is the highest common divisor of 1840 and 921104?
368
Calculate the greatest common divisor of 2430448 and 800.
16
What is the highest common factor of 1291979 and 432216?
667
What is the greatest common divisor of 21 and 57245447?
7
Calculate the greatest common factor of 8330 and 305606875.
4165
What is the highest common factor of 39 and 9969076?
13
What is the highest common divisor of 15915609 and 18630?
1863
What is the highest common factor of 17049648 and 70560?
2352
What is the greatest common factor of 1678550034 and 8799?
8799
What is the greatest common divisor of 36 and 183337866?
18
What is the greatest common divisor of 13047517 and 175693?
9247
What is the highest common divisor of 19600525 and 140?
35
Calculate the highest common factor of 2212 and 369404.
2212
Calculate the highest common divisor of 93124 and 3162.
62
Calculate the greatest common divisor of 442273 and 8957.
169
Calculate the greatest common divisor of 25461 and 75775708.
943
Calculate the greatest common divisor of 952 and 5072494.
238
Calculate the highest common factor of 6903162 and 882.
126
Calculate the greatest common divisor of 6 and 212270034.
6
What is the highest common factor of 2915 and 919286060?
2915
Calculate the greatest common divisor of 8662375 and 166750.
2875
Calculate the greatest common divisor of 921900 and 19425.
525
Calculate the greatest common divisor of 364972 and 132.
4
Calculate the greatest common factor of 181126 and 1342.
22
What is the greatest common factor of 1228957 and 37?
1
Calculate the greatest common divisor of 554 and 639995481.
277
Calculate the greatest common divisor of 239444 and 33480.
124
What is the highest common divisor of 38928 and 55956?
12
Calculate the greatest common factor of 23409 and 1917603.
9
Calculate the highest common divisor of 8028328 and 8624.
616
Calculate the highest common divisor of 72 and 21548232.
72
What is the highest common factor of 38556 and 307020?
1428
What is the greatest common divisor of 57088 and 140544?
256
What is the greatest common factor of 6203860 and 1784?
892
Calculate the greatest common factor of 36993 and 324841.
11
Calculate the greatest common divisor of 1026712859 and 2969.
2969
Calculate the highest common factor of 11888 and 2466017.
743
Calculate the highest common factor of 24240 and 1